 = 16 + -1. Suppose o = s - o, -s + 5*o - p = 0. What is the remainder when i is divided by s?
9
Let p be (6/5)/(6/80). Calculate the remainder when (-90)/6*p/(-6) is divided by 14.
12
Suppose 0 = -3*o - v + 16, 0*o = -4*o + v + 19. Suppose -40 - 15 = -o*l. What is the remainder when ((-16)/(-3))/((-2)/(-12)) is divided by l?
10
Suppose 5*z - 71 - 64 = 0. Calculate the remainder when z is divided by 10.
7
Suppose 0 = 5*j + 20, -5*g + 4*j + 28 + 8 = 0. Let m(l) = -l + 9. Let c be m(8). Let b = c + g. What is the remainder when 14 is divided by b?
4
Suppose -4*c - 34 = 54. Let j = -8 - c. What is the remainder when 53 is divided by j?
11
Let c be 1/(4/(-3 - -19)). Suppose 42 = 2*k - 4*v, -c*v + 2*v = 2. What is the remainder when 75 is divided by k?
18
Suppose 0 = -w + 17 + 2. Suppose 22 = 3*i - 8. Calculate the remainder when w is divided by i.
9
Suppose 3*w = 23 + 91. Suppose -5*g = -2*g - 63. What is the remainder when w is divided by g?
17
Suppose 0 = -3*a - 3*r + 9, -r - 21 = -a + 4*r. Suppose 11*u = a*u + 160. Calculate the remainder when u is divided by 11.
10
Suppose 2*x = 3*z - 6, z + 4*x + 4 = 5*z. Let m(y) = 4*y**2 - 2*y - 2. Let k be 2*(-3)/(-2 - 1). What is the remainder when m(k) is divided by z?
2
Let m = 5 + -2. Let j = 29 - m. Let k = 20 + -11. What is the remainder when j is divided by k?
8
Suppose 7*c + 27 = 8*c + 2*v, 0 = -3*c + 3*v + 81. Suppose 16 = 4*k, -4*k + 228 = -0*a + 2*a. Calculate the remainder when a is divided by c.
25
Suppose -3*q - 7 + 13 = 0. Suppose -23 = -n + 3*p, -p = 2*n - q*p - 56. What is the remainder when n is divided by 10?
9
Let j(m) be the second derivative of 5*m**4/12 + m**3/3 - 3*m**2/2 - 3*m. Calculate the remainder when j(2) is divided by 11.
10
Let n(g) = -g**2 - 15*g - 15. Suppose -5*u + 8 = -3*u. Calculate the remainder when n(-13) is divided by u.
3
Let v be 4/(-14) + 304/(-14). Let b = 1 - v. Let c = 17 + -9. Calculate the remainder when b is divided by c.
7
Suppose -h = h + 8. Suppose 2*b = 3*u - 0*u - 10, 15 = -3*b - u. What is the remainder when 25 is divided by -1 + (1 + h)*b?
11
Suppose -6*u = -3*u. Suppose -100 = -u*d - 2*d. What is the remainder when d is divided by 13?
11
Suppose 19 = -9*h + 289. Calculate the remainder when 72 is divided by h.
12
Suppose 3*l - 4*l = n - 13, -n + l + 9 = 0. Calculate the remainder when (-3 + 18/4)*(-64)/(-3) is divided by n.
10
Let h(y) be the second derivative of -y**5/20 + 7*y**4/12 - y**3/3 + 4*y**2 + 3*y. Calculate the remainder when h(6) is divided by 11.
10
Let x = -15 + 34. Let u(j) = 9*j + 1. What is the remainder when x is divided by u(1)?
9
Suppose 6*p - 3*p + 114 = 0. Let n = -17 - p. What is the remainder when 41 is divided by n?
20
Let a(i) = -7*i + 1. Let o(h) = -3*h + 1. Let s(v) = -2*a(v) + 5*o(v). Calculate the remainder when 28 is divided by s(-12).
13
Let o = 5 - -44. What is the remainder when o is divided by 159/9 - (-10)/(-15)?
15
Let z = 8 - -21. Suppose 2*s - 17 = -w, 4*s - s = -2*w + z. What is the remainder when 25 is divided by w?
4
Suppose 0 = 3*f + 6, 3*g - 8*g - 2*f = -1. Let u(h) = 2*h - 8. Calculate the remainder when u(5) is divided by g.
0
Let l(o) = 4*o. Let u(p) = -3*p - 1. Let n(k) = 6*l(k) + 7*u(k). What is the remainder when n(7) is divided by 8?
6
Let c(n) = -n**2 + 10*n - 9. Let s = -5 + 11. Calculate the remainder when c(s) is divided by 8.
7
Let j(g) = -3*g - 9. Let v(n) = 4*n + 9. Let r(w) = -3*j(w) - 2*v(w). Let t = -4 + 9. Calculate the remainder when r(0) is divided by t.
4
Let l = 172 + -135. What is the remainder when 147 is divided by l?
36
Let r = -145 - -158. What is the remainder when 22 is divided by r?
9
Suppose -4*f = -0*f - 60. Suppose 3*s + 60 = -f. Let l = -13 - s. What is the remainder when 34 is divided by l?
10
Let m(z) = z**2 - 6*z + 2. Let q be m(3). Let r(h) = -h**2 - 7*h + 7. What is the remainder when r(q) is divided by 4?
3
Suppose -3 = -m + 2*t, -m = 4*t - 3*t. Calculate the remainder when 4 is divided by m.
0
Let r be (-1*(1 + 1))/2. Let v be r*(3/3)/1. Let z(l) = -14*l + 1. Calculate the remainder when 28 is divided by z(v).
13
Suppose q + q - 162 = 0. Calculate the remainder when (q/(-6))/(1/(-2)) is divided by 14.
13
Let c = -2 - -3. Suppose 56 = 5*t - 3*t. What is the remainder when t is divided by (c + -4)*(-40)/12?
8
Let t be ((-1)/(-3))/((-3)/(-36)). Let z(w) = -2*w**2 - w**3 + 4 + 0*w**2 - 7 + t*w + 5*w**2. What is the remainder when 15 is divided by z(2)?
6
Suppose 5*d = 3*a + 13, 0 = 5*a + 4*d - 53 + 13. Calculate the remainder when 9 is divided by a.
1
Suppose 2*t + 0 = 6. Suppose 0 = t*p - o - 36, -29 - 7 = -3*p + 5*o. Calculate the remainder when 5/(-2)*p/(-10) is divided by 2.
1
Let l be 4/(-16) - 129/(-4). Suppose 0 = -0*g + g - l. Suppose 5*d = -2*h + 49, 2*d + 2*h + h = 13. Calculate the remainder when g is divided by d.
10
Let f be -1 + -2 + 5 + 1. Suppose 5*b + 1 = -z, -f*z + 0*z = 5*b - 7. Calculate the remainder when (-6)/z*34/(-3) is divided by 6.
5
Let x = 39 - 35. What is the remainder when 7 is divided by x?
3
Suppose -15*d + 13*d = -32. What is the remainder when d is divided by 9?
7
Let u = 16 - 9. Calculate the remainder when 18 is divided by u.
4
Let n(p) = 2*p**2 + 4*p + 2. Suppose 0 = -c + 2*u + 25, -3*u = 5*c - 7*u - 101. Calculate the remainder when n(-6) is divided by c.
16
Calculate the remainder when (-6)/18*(-69 - -2 - 2) is divided by 6.
5
Let r(g) be the second derivative of -g**4/12 - 13*g**3/6 - 3*g**2 - 2*g. What is the remainder when 31 is divided by r(-11)?
15
Suppose 3*u - t = 2*t + 36, u - 6 = 4*t. Calculate the remainder when 81 is divided by u.
11
Suppose 42 = 2*d + 14. Calculate the remainder when 36 is divided by d.
8
Let y(z) = 6*z + 11. Let b be y(9). What is the remainder when 5 is divided by b/20 + (-6)/(-8)?
1
Let x = -97 - -105. Let p(d) = -d**3 - 7*d**2 - 7*d - 1. Calculate the remainder when x is divided by p(-6).
3
Suppose 32 = 2*q - 48. Calculate the remainder when 117 is divided by q.
37
Suppose 5*d = -0*d. Suppose d*u + 3*u + 9 = 0, -5*u = i + 14. What is the remainder when i is divided by 1?
0
Suppose 0 = k + 2*p - 33, -7*p + 2*p + 24 = k. What is the remainder when k is divided by ((-5)/(-4))/((-1)/(-16))?
19
Suppose 2*v - 3*m - 16 = 0, 2*v - 2*m + 3*m = 0. Suppose -v*g = 2*g - 16. Suppose 0 = g*h - 0*h - 72. Calculate the remainder when h is divided by 10.
8
Suppose -6*u + 56 = 2*u. Suppose 2*t = -4*h + 112, -3*h + 5*t + 20 = -51. Calculate the remainder when h is divided by u.
6
Let x be ((-4)/(-8))/((-1)/(-24)). Let h be 68/18 - x/(-54). Suppose h*t = -5*j + 293, -4*j + 7*j - 180 = -t. Calculate the remainder when j is divided by 21.
19
Let w be (2 - 1)/(5/115). Suppose w = -4*m + 139. What is the remainder when m is divided by 15?
14
What is the remainder when (324/(-10))/(16/(-40)) is divided by 28?
25
Let d be (84/(-16))/(1/8). Let p = 68 + d. Calculate the remainder when 50 is divided by p.
24
Let i = 44 - 9. Suppose f + u = 5, 11 = 5*f - 2*u - 42. What is the remainder when i is divided by f?
8
Let n = 41 + -5. Let a(y) = -19*y**3 - y**2 - y. What is the remainder when n is divided by a(-1)?
17
Let j(i) = -16*i + 1. Let a be j(1). Let w(k) = -k**2 - 16*k + 11. What is the remainder when w(a) is divided by 7?
5
Let b = 55 + -27. Suppose 0 = 5*a - 7*a + b. Suppose q + 20 = 5*g, -2*q + 16 + 9 = 3*g. What is the remainder when a is divided by q?
4
Let q(z) = -z**3 - 12*z**2 - 13*z - 13. Let p be q(-11). Suppose 10 = 4*v - 3*v. What is the remainder when -12*4/((-24)/p) is divided by v?
8
Suppose 0 = z - 4*w - 17, 0 = -2*w + 2 - 8. Let d = -6 - -4. Calculate the remainder when z is divided by ((-1)/d)/((-4)/(-24)).
2
Suppose -2*t - 3*b = -b - 6, 2*t = 2*b + 6. Let f = 27 + -15. Suppose 5 = 4*w - 5*z - 47, 2*w - f = -z. Calculate the remainder when w is divided by t.
2
Let z = -20 + 35. Suppose -4 - 8 = -2*w. Calculate the remainder when z is divided by w.
3
Suppose -2*f + 40 = 5*w, -3*f = w - 3*w - 22. Calculate the remainder when 17 is divided by f.
7
Let m = 20 + 6. What is the remainder when 100 is divided by m?
22
Calculate the remainder when 20 is divided by 210/18 - (-4)/(-6).
9
Suppose 17*g - 540 = -47. What is the remainder when g is divided by 15?
14
Let n = 6 - -2. Let k(g) = 6*g - 6. Let y be k(6). 